mon factor of y and 4?
4
Let f be (-4 + 21/2)/(2/(-20)). Let g = 68 + f. Let v be 1/(-2) - (-62)/4. Calculate the highest common factor of g and v.
3
Let s(l) = l**3 - 15*l**2 - 17*l + 20. Suppose -25 = -i - 9. Let g be s(i). Suppose -n = g*n - 10. What is the highest common divisor of 5 and n?
1
Let n(j) = -1 + 0 + 1 - 24*j. Let t be n(-3). Suppose 5*v - 3*s - 45 = 0, 0 = -4*v + 4*s + 56 - 20. What is the highest common divisor of v and t?
9
Let y(j) = -j + 19. Let u be y(4). Calculate the greatest common divisor of u and 9.
3
Suppose 12*w = -31 + 151. Let g = 28 - 23. What is the greatest common divisor of g and w?
5
Suppose 132 = 3*y + 1398. Let i be y/(-7) - 4/14. Let d be (108/(-9))/(-5 - (2 + -6)). Calculate the highest common divisor of d and i.
12
Let t be ((-8)/28)/(1/(-7)). Suppose 3 = t*l - 7. Calculate the highest common divisor of 15 and l.
5
Let t be ((-470)/(-188))/((-2)/(-24)). Calculate the highest common divisor of 615 and t.
15
Suppose 0 = 24*n - 13*n - 616. Calculate the greatest common factor of 56 and n.
56
Suppose v = 12*v - 891. Let t = -172 - -181. Calculate the highest common factor of v and t.
9
Let z = -46 - -89. Let y = z + -39. Calculate the highest common factor of 1 and y.
1
Suppose -3*b = -100 - 8. Suppose 65 - 4 = 5*v + p, 0 = 4*v + 2*p - 50. What is the highest common divisor of b and v?
12
Let i = 6 - 6. Suppose i = -o + 79 - 31. Calculate the greatest common divisor of 6 and o.
6
Let u = -12 - -13. Suppose 4*j + 13 = 5*t, 9*j + 19 = 5*t + 7*j. Calculate the greatest common factor of u and t.
1
Suppose -5*j + 346 = 26. Suppose -o + j = o. Let a = -1889 - -1893. Calculate the greatest common factor of o and a.
4
Suppose -3300 = 28*z - 61*z. What is the greatest common divisor of 2900 and z?
100
Let v(x) = -x**2 + 12*x - 55. Let n be v(7). Let h = 113 - 61. Let w = h + n. Calculate the greatest common divisor of w and 8.
8
Let g be (-6)/4*2*-1. Suppose g*o - 48 = 72. Suppose -440*l = -461*l + 210. Calculate the highest common divisor of l and o.
10
Suppose 6*l = 3*j + 4*l - 388, 4*j - 522 = 5*l. Calculate the greatest common divisor of 4 and j.
4
Let t be (-2)/(-1 + -1)*2. Let f be ((-11)/t)/(7/(-14)). Let w = f + -9. What is the highest common divisor of 20 and w?
2
Let y = -96 - -103. Suppose y*i - 10*i + 135 = 0. Calculate the highest common factor of 180 and i.
45
Suppose -4*q + 42 = -42. Let f be (-5)/(25/4)*(-105)/6. What is the greatest common factor of f and q?
7
Let w be (-123)/(-12) - (-33)/44. Calculate the highest common factor of 5 and w.
1
Let d = -81 - -79. Let p be (7/d - -2)/(6/(-64)). What is the greatest common divisor of 12 and p?
4
Let m(n) = -n**3 + 11*n**2 + 14*n - 16. Let h be m(12). Let c be -2 + h + (-20)/5. Calculate the greatest common divisor of c and 2.
2
Let k = 156 + 0. What is the highest common factor of 12 and k?
12
Suppose 0 = -2*n - 0*n + 4. Suppose 4*z + 31 = 95. What is the highest common factor of n and z?
2
Let b(o) = 2*o**3 + 17*o**2 - 13*o - 31. Let f be b(-9). Calculate the greatest common factor of 175 and f.
5
Let f(s) = 4*s - 22. Let b be f(6). Suppose b*m + 2080 = 22*m. Calculate the highest common divisor of m and 13.
13
Let y(t) = -t**2 - 8*t + 3. Let v be y(-5). Calculate the greatest common divisor of v and 414.
18
Let i = -24 - -28. Suppose -i*v = -16, -2 = -j - v + 6. What is the highest common factor of j and 44?
4
Let m be 5/(15/(-4))*-12. Calculate the highest common divisor of 368 and m.
16
Let s(k) = -k**3 - 35*k**2 - 5*k + 86. Let u be s(-35). Calculate the greatest common divisor of u and 99.
9
Let s be (-10)/10 + -2 + 5 + -1. Let f be s*(8 - 5) + 244. What is the greatest common factor of 13 and f?
13
Let b be 6/(-33) + (-31)/11. Let w(c) = 2*c - 5. Let z(r) = 2*r - 5. Let a(n) = -4*w(n) + 3*z(n). Let x be a(b). Calculate the highest common factor of 1 and x.
1
Suppose 881 = 2*k - 1387. What is the highest common factor of k and 14?
14
Suppose 2*o + 3*p = 23, -p = -3*o - o + 11. Suppose -o*g = -2 - 10. What is the greatest common factor of 9 and g?
3
Let s(z) = -2*z**2 + 17*z - 13. Let t be s(7). Let k be 264/(t/4) - -4. Calculate the highest common divisor of k and 34.
34
Suppose 51 = 4*i - 69. Let o(u) = 9*u**3 - 2*u**2 + u + 3. Let m be o(2). Let t = 144 - m. What is the highest common divisor of i and t?
15
Let q(g) be the second derivative of -g**4/12 + 7*g**3/6 + 8*g**2 + 23*g. Let t be q(7). Calculate the greatest common divisor of 24 and t.
8
Suppose -110 = -2*c - 78. What is the greatest common divisor of 104 and c?
8
Suppose 0 = 2*y + 1347 - 1515. Let i(f) = f**3 - 4*f**2 - 3*f + 2. Let x = 17 - 12. Let j be i(x). Calculate the greatest common divisor of y and j.
12
Suppose 2*z - 6*z = 0. Suppose z*a + 4 = 2*a. Suppose a*n = -7 + 51. What is the highest common factor of 33 and n?
11
Let v(k) = 2*k + 2. Let h be v(-15). Let w = h - -28. Suppose 3*q + p + w*p - 929 = 0, 5*q + p = 1545. Calculate the greatest common divisor of q and 28.
28
Suppose 4 = -2*h, -11*w - 5*h + 150 = -10*w. What is the highest common factor of 30 and w?
10
Suppose 3*w + 472 - 1606 = -2*z, 1128 = 3*w + 4*z. Calculate the highest common factor of w and 152.
76
Let q be 852/20 - 4/(-10). Calculate the highest common divisor of 86 and q.
43
Let d be 3 + -3 + -5 + 2350/10. What is the highest common divisor of d and 30?
10
Let r be (-1)/(-5) + (-585)/(-75). Suppose r = 3*g - 31. Calculate the greatest common divisor of 182 and g.
13
Suppose 186 = 46*l - 366. Calculate the highest common divisor of l and 1452.
12
Let t(m) = -71*m**2 - 12*m - 3. Let k(c) = -106*c**2 - 18*c - 4. Let q(i) = 5*k(i) - 8*t(i). Let n be q(-2). Calculate the highest common factor of 18 and n.
18
Let t(f) = -f**2 + 8*f - 14. Let i be t(7). Let x(h) = 3*h**2 + 10*h + 4. Let p be x(i). Calculate the greatest common divisor of 18 and p.
9
Let j(o) = -o**2 + o + 8. Let s be j(0). Suppose 0 = 2*l - s, -2*f - l - 6 = -4*l. Let g = 21 - 15. Calculate the highest common factor of f and g.
3
Let k be (29/(-58))/(1/(-12)). Calculate the highest common divisor of k and 1.
1
Let o be (-20)/3*(-2 - 4/(-5)). What is the highest common divisor of 72 and o?
8
Let s(m) = m + 28 + 116 + 0*m. Let u be s(0). Let d = 53 + -37. What is the highest common divisor of u and d?
16
Let a(n) = -2*n**3 - 10*n**2 - 12*n - 8. Let o be a(-4). Calculate the highest common divisor of o and 8.
8
Let l(q) = 41*q**2 + 3*q + 1. Let z(g) = -g + 12. Let o be z(14). Let s be l(o). Let d = s - 15. What is the highest common divisor of d and 18?
18
Let l = 6 - -18. Let i(z) = 23*z + 61. Let k(j) = -6*j - 15. Let y(g) = 6*i(g) + 26*k(g). Let h be y(-4). What is the greatest common factor of l and h?
24
Let g(d) = d**2 + 4*d + 3. Let r be g(-4). Suppose -28 = -r*s - a, 2*s + 2*a - 2 = 22. Let m be (13/26)/(1/s). What is the highest common divisor of 1 and m?
1
Let h(j) = -10*j**3 - 5*j - 5. Let x be h(-2). Calculate the greatest common factor of x and 68.
17
Suppose -6*h + 5*q = -h - 65, -q + 17 = 2*h. Let j = -19 + 13. Let x(c) = -15*c + 20. Let l be x(j). What is the highest common factor of l and h?
10
Let c = 168 + -96. Let p = -112 + 136. What is the highest common factor of p and c?
24
Suppose -28 = -3*q + 2*a, 0 = -2*q + 30*a - 32*a + 12. What is the highest common divisor of q and 512?
8
Let b = 9 - -96. What is the highest common divisor of b and 1785?
105
Let d be (-144)/10 + -2*7/(-35). Let r = d - -39. Calculate the greatest common factor of 25 and r.
25
Let l(j) = -j**3 + 28*j**2 - 51*j - 18. Let s be l(26). What is the highest common factor of s and 28?
4
Let h be 3 + (43/1 - 1). Let x(f) be the third derivative of -3*f**4/8 + 2*f**2. Let o be x(-2). Calculate the highest common factor of h and o.
9
Suppose 3*r - 45 = r + q, -r + 36 = 4*q. Let s = 18 - r. Let g be (s/(-5))/((-4)/(-10)). What is the greatest common factor of g and 3?
3
Let y(d) = 8*d**2 + d - 6. Let k be y(-2). What is the greatest common factor of 36 and k?
12
Let x(b) = 12*b. Let k be x(2). Let g(t) = 0*t**3 + 2 - t**3 + 8*t + t**2 + 8 + 2. Let z be g(-6). What is the greatest common divisor of k and z?
24
Let l = -85 + 463. What is the greatest common divisor of 70 and l?
14
Let w(k) = -10*k**3 - 7*k**2 - 13*k + 9. Let l be w(-2). Calculate the greatest 